 Let t be j(l). Give v(t).
-6
Let a(v) be the second derivative of v**5/20 - v**4/2 + v**3/3 + 3*v**2/2 - 26*v. Determine a(5).
-12
Let i be 20/(-15)*3/(-2). Suppose i*w = 1 + 7, 3*j + 5*w = 26. Let o(c) = -4 + c + 5 - j - 3. Give o(5).
1
Let p(c) = -5*c - 13. Suppose 4*u + 46 + 31 = 5*a, 3*u = -9. Let w(q) = -11*q - 27. Let i(t) = a*p(t) - 6*w(t). Let l be (-1)/1*-4 - 1. Give i(l).
-4
Let l be (4/3)/(7/(-21)). Let m be (12/10)/(l/(-10)). Let z(n) = -n**3 + 3*n**2 - 4. Give z(m).
-4
Suppose 9 = -3*j - 0*j. Let l(y) = -y**2 + y + 1. Calculate l(j).
-11
Let s(i) = 4*i - i**2 - 1 - 1 - 3 + 3. Calculate s(2).
2
Let j(f) = -f**2 + 2. Let w(a) = -a**2 - 11*a - 27. Let k be w(-6). Determine j(k).
-7
Let f = -61 - -54. Let u(s) = s + 2. Determine u(f).
-5
Let d(v) = v**3 - 5*v**2 + 5*v - 6. Let g = 7 - 3. Give d(g).
-2
Let j(x) = x + 6. Let h(u) = u**2 + 7*u - 15. Let p be h(-8). What is j(p)?
-1
Let p(a) = 7*a + 13. Let w(g) = g + 7*g + 5 + 7 - 2*g. Let c(v) = 5*p(v) - 6*w(v). Determine c(-5).
-2
Suppose -3*r + 3*s = 21, -2*r + s = -3*s + 18. Let h(x) = -x**2 - 6*x - 2. Calculate h(r).
3
Let f(a) = -a**2 + 7*a - 5. Let n = -1 - -1. Suppose 2*w + 3*w = n. Suppose v - 9 = 2*h, -2*v - 2*h - 3*h = w. Calculate f(v).
5
Let h(d) = -d**2 - 8*d - 9. Let w(t) = -t**3 + 3*t**2 - t - 4. Let n be w(3). Determine h(n).
-2
Let s(f) = -11*f**2 + 24*f - 18. Let z(j) = -4*j**2 + 8*j - 6. Let g(y) = -3*s(y) + 8*z(y). Let l(x) = 5*x + 6. Let i be l(0). Give g(i).
-6
Let a(l) = l**2 + 5*l - 7. Let k(d) = d**3 + d**2 - 18*d + 3. Let s be k(-5). Calculate a(s).
7
Let n(r) = r**3 - 7*r**2 + 7*r - 5. Suppose -a = j - 9, -3*j = -3*a + 2*j + 3. Calculate n(a).
1
Suppose -3*i - s + 27 = 2*s, 4*s - 11 = i. Suppose 3 + 2 = i*p. Let r be (0 - -2*p) + 1. Let j(o) = -o**3 + o**2 + 4*o - 1. Determine j(r).
-7
Let s(i) = 3*i**2 + 2*i - 2. Let f be s(1). Let c be (28/(-21))/(2/f). Let r(t) = -3*t**2 - 2*t. Give r(c).
-8
Let b(o) = -3*o + 6. Suppose -4*p - 16 = 2*x, 0 = -p - 1 - 4. Let i(l) = -4*l + 6. Let y(v) = x*i(v) - 3*b(v). Suppose 3*z = -2*z. Give y(z).
-6
Let l(u) = u**3 + 9*u**2 - 9*u + 15. Let c be l(-10). Let r(z) = -z**3 + 5*z**2 - 2*z + 4. Determine r(c).
-6
Suppose 2*r - 1 = r. Let b(k) be the third derivative of -k**6/40 + k**5/30 - k**4/6 - k**3/2 - k**2. Let m(w) = w + 1. Let z(p) = -b(p) - 3*m(p). Give z(r).
2
Suppose 2*o - 9 = 5*l - 28, 4*l = -4*o + 32. Suppose -o*g + g = -4. Let f(w) = -2 + 4 - g + w. What is f(-1)?
-1
Let z(i) = -i**2 - 7*i - 5. Let h be -6 + (-1 - -3)*1. Calculate z(h).
7
Let i(w) = 10*w**3 - w**2 + 2*w + 1. Let z(d) = 11*d**3 - d**2 + 3*d + 1. Let f(n) = -4*i(n) + 3*z(n). Determine f(1).
-6
Let q(o) be the third derivative of o**5/30 + o**4/12 - 2*o**3/3 + o**2. Calculate q(-3).
8
Let n = -1 + 0. Let a(s) = 26*s + 1. Let p(r) = 74*r + 3. Let j(l) = 11*a(l) - 4*p(l). Determine j(n).
9
Suppose 14 = -8*c - 2. Let g(t) be the first derivative of t**3/3 - 2*t - 1. Calculate g(c).
2
Let l(u) = -7*u**2 + 8*u - 5. Let k(t) = 3*t**2 - 4*t + 3. Let d(m) = 5*k(m) + 2*l(m). Calculate d(4).
5
Suppose -s + 3 - 1 = 0. Suppose -4*d = -0*d - s*r - 18, -15 = -5*d + r. Let x(i) = 2*i**3 - 3*i**2 + 3*i - 1. Calculate x(d).
9
Let t(k) be the third derivative of k**4/2 + k**3/6 + 2*k**2 + 4. Calculate t(-1).
-11
Let u(z) = -10 + z - z**3 - z - z**2. Suppose 5*g = g. Give u(g).
-10
Let c(u) be the second derivative of u**7/840 - u**6/180 - u**4/6 - 2*u**3/3 - 2*u. Let z(f) be the second derivative of c(f). Calculate z(3).
5
Let y(d) be the third derivative of -d**5/60 + 7*d**4/24 + 2*d**3/3 + 3*d**2. What is y(4)?
16
Let p(r) be the second derivative of -r**4/12 + r**3/3 + r**2/2 + 2*r. Suppose 2*h + 16 = 5*q, -2*q - h + 14 = q. Let z = q - 2. What is p(z)?
1
Let f(x) = x + 3. Let q be -2*(-3)/12*0. Let c be f(q). Let d(l) = -l + 1. Let b(p) = -p + 1. Let g(w) = -2*b(w) + 5*d(w). Calculate g(c).
-6
Let k(c) = -9*c + 4. Let x(v) be the first derivative of v**2/2 - v + 6. Let m(f) = -k(f) - 3*x(f). What is m(-1)?
-7
Let f(s) = 7 + 15 - 23 + 10 + s**2 - s. Determine f(0).
9
Let i(f) = -2*f. Let h be ((-1 + 2)*0)/(-1). Let u = h + 1. Determine i(u).
-2
Let k(r) be the first derivative of r**4/4 - r**3 - r**2/2 - 2*r - 5. What is k(3)?
-5
Let t(f) = f**2 - 8*f - 6. Let k be t(7). Suppose 5*v + 5*r - 20 = 0, 44 = 6*v - 3*v - 5*r. Let w = k + v. Let m(i) = -i**3 - 4*i**2 + 6*i + 2. Determine m(w).
-3
Let k(l) = l - 9*l + 7 + 5*l - l**3 + 4*l**2 - 3. What is k(3)?
4
Let x(n) be the first derivative of -n**4/4 - 2*n**3 - 5*n**2/2 + 2*n + 7. Let b be (-8)/3*(-9)/6. Suppose -2 = b*j + 18. Determine x(j).
2
Let s(c) be the third derivative of c**6/120 + c**5/10 - 5*c**4/24 + 5*c**3/3 + 20*c**2. Calculate s(-7).
-4
Let z(w) be the first derivative of -w**6/120 + w**5/30 + w**4/12 - w**3/3 + 2*w**2 + 2. Let n(y) be the second derivative of z(y). Determine n(2).
2
Let w(i) be the third derivative of 0*i - 1/3*i**3 + i**2 + 0 - 1/24*i**4. What is w(2)?
-4
Let y(w) = -w - 3. Let p be y(-6). Let g(m) = m**3 + 5*m**2 - 5*m + 8. Let s be g(-6). Let l(n) = -2*n**s + 1 - 2*n + p*n**2 + n. Calculate l(-2).
7
Suppose 2*t + 6 = -2*s, s - 6 = 3*s + 5*t. Let q = s + 0. Let b(z) = 1 - 13*z + 5*z + 9*z + 1. Calculate b(q).
-1
Suppose -4*p = -5*j + 10 + 10, 0 = 2*j. Let l(d) be the second derivative of -d**4/12 - d**3/3 + 5*d**2/2 + 14*d. Give l(p).
-10
Let n(u) = 3*u + 3 - u - 2. Let o = -7 + 14. Suppose -o*m = -11*m - 4. What is n(m)?
-1
Let n(v) be the first derivative of -7*v**3/3 + v**2 - v - 4. Let k(f) = 2 - f**2 - f + 0*f - 1. Let b be k(0). Give n(b).
-6
Suppose p - 15 = 1. Let a(y) = -13*y + 0 - 1 + p*y. What is a(2)?
5
Let t(h) = -h**2 - 2*h + 2. Let c(b) = 2*b**3 + 5*b - 5*b**2 + 4*b**3 - 4 - 7*b**3. Let l be c(-6). Give t(l).
-6
Suppose 3*w = -2*w - 20. Let m(f) = -f**2 - f. Let q(y) = -4*y**2 - 7*y - 1. Let u(l) = 3*m(l) - q(l). What is u(w)?
1
Let s(m) be the first derivative of -1 + 2/3*m**3 + 3/2*m**2 + 1/4*m**4 + m. What is s(-2)?
-5
Let r(l) = -l**2 + 5*l - 6. Let w(i) = i**2 + i. Let g(c) = -r(c) - 2*w(c). Let h(f) = -f**3 - 9*f**2 - 6*f + 9. Let z be h(-8). What is g(z)?
6
Let q(t) be the second derivative of -t**3/6 + 5*t**2 - 29*t. What is q(9)?
1
Let t(x) = -2*x - 1. Let o = 0 + 4. Suppose -o*z + 7*z - 3 = 0. What is t(z)?
-3
Let o(s) = s**3 - 4*s**2 - 3*s + 4. Let r = -3 + 0. Let d(v) = v**3 - 4*v**2 - 2*v + 3. Let z(g) = r*d(g) + 4*o(g). Suppose -5 = -x - 0. Calculate z(x).
2
Let u(l) = 2*l**2 + 9*l. Let t be u(-7). Let g be 4/14 - 10/t. Let c(n) = -n - 5. What is c(g)?
-5
Let k(t) = -t - 10. Let z be k(-12). Let g(r) = 4*r - 3 - 2*r - r + z. Let d be g(3). Let h(n) = 4*n - 2. Calculate h(d).
6
Let x(g) = 20*g**3 + 1. Let r = 5 + -6. Determine x(r).
-19
Let c(n) be the first derivative of -n**3/3 - 4*n**2 + 6*n - 1. Let b be c(-9). Let v(u) = -u - 2. Calculate v(b).
1
Let i(z) = -z - z + 5*z - 5 - z. Determine i(5).
5
Let w(z) = z. Let s(f) = 2*f + 2. Let j(u) = s(u) - 6*w(u). Suppose -3*o = -2*h - 3, -h = -1 - 2. Give j(o).
-10
Let w(q) = -347*q**2 + 6 - 8*q + 353*q**2 + q - q**3. Determine w(5).
-4
Let z(d) = -2*d**2 + 3*d + 1. Suppose -4*l - q = -11, -14 - 14 = -2*l + 4*q. Let k = -3 - -15. Suppose -5*f + a + 14 = -1, l*f - 3*a - k = 0. Determine z(f).
-8
Let y be 2/9 + 104/18. Let m(p) = -2328*p - 2 + 2329*p - 4. Determine m(y).
0
Let i(a) = 0 - 13*a**3 + 4*a**2 + 12*a**3 + 2 - a. Give i(3).
8
Let s = 21 + -18. Suppose o = 4*g - 3 - 16, 0 = s*o - g + 13. Let i(j) = 3*j + 2. Calculate i(o).
-7
Let g = -10 - -4. Let f(u) = 1. Let c(d) = d**2 + 5*d - 7. Let p(z) = c(z) + 2*f(z). Determine p(g).
1
Suppose 5*w = -8 + 3. Let q = 4 - w. Let b(u) = 2*u + 1. Give b(q).
11
Suppose -4*p = k - 19, 3*p - 3*k + 0*k = 3. Let g be 6/4*p/6. Let u(z) = 7*z + 1. What is u(g)?
8
Let i(u) = -2*u + 7. Let s(x) = -3*x**2 - 16*x + 7. Let r be s(-6). Give i(r).
17
Suppose 0 = -11*j + 6*j - 3*h + 13, -4*h + 10 = 3*j. Let p(c) = -6*c + c - c**2 + 1 + 0 + 3*c. What is p(j)?
-7
Let c(i) = -4*i**2 - 2*i + 1. Let u(h) = -2*h**2 - 6*h - 1. Let d be u(-4). Let r = d + 7. Calculate c(r).
-11
Let n(z) be the second derivative of z**4/12 - 2*z**3/3 - 5*z**2/2 - z. Suppose 3*r = -r. Suppose -b + 5 = -r*b. Determine n(b).
0
Let f(x) = -8*x**2. Let t = 2 - 6. Let z = t + 6. Let p be (-5)/5 + 1*z. What 